of 350 and s.
50
Let s = -26076 + 26136. What is the highest common divisor of s and 60?
60
Suppose -11*c + 36 = -19. Let i be (-36)/(-6) + (0 - -2 - c). Let f be 0 - (-4 - 2 - -1)*i. What is the highest common divisor of f and 3?
3
Let b(x) = 4*x**2 + 54*x - 88. Let q be b(-26). What is the highest common divisor of q and 12?
12
Let y = 148 + -141. Let b be (-12)/9*1*-9. Suppose b*m - 110 = y*m. What is the highest common divisor of m and 55?
11
Let y = -51 + 81. Let c be y*(-7)/((-210)/36). Calculate the greatest common divisor of 612 and c.
36
Let d(b) = 12*b - 48. Let w be d(5). Let o(f) = 81*f - 268. Let m be o(w). What is the highest common divisor of m and 44?
44
Let l be 28/8*(0 - -2). Suppose l*o - 51 = 12. Let b be 1/3 - (-1316)/21. Calculate the greatest common factor of b and o.
9
Suppose 22*s + 56 - 627 = 221. What is the greatest common divisor of s and 747?
9
Let r be -6 - (93 + 0 + -4). Let j = r - -215. What is the greatest common divisor of j and 45?
15
Let n(v) = 2*v**2 - 22*v + 15. Let g be n(16). Let a = 33 - 7. Suppose a*c - 35 = 25*c. Calculate the greatest common factor of c and g.
35
Let q = 99 - 262. Let s = q + -107. Let m be (-1)/((-265)/s - 1). What is the greatest common divisor of 36 and m?
18
Let y be (-149634)/(-126) - ((-96)/(-21) - 5). What is the greatest common factor of y and 180?
36
Let o(n) = -779*n**2 - n - 10 - n + 783*n**2. Let q be o(5). What is the greatest common factor of q and 16?
16
Suppose -5*s = 58*d - 62*d - 1668, -5*s - 2*d + 1626 = 0. Calculate the highest common divisor of s and 8.
8
Let c = -79115 - -79152. Suppose -3*g = -4*j - 8*g + 133, 5*j = g + 188. What is the highest common divisor of j and c?
37
Let f be (49/7 - 5) + -9 - -22. Calculate the greatest common factor of f and 875.
5
Suppose -12*h + 10*h = 10. Let k be -72*(h/15 - 1). Let s(i) = i**3 + 6*i**2 - 3*i - 2. Let q be s(-6). What is the highest common divisor of k and q?
16
Suppose 24 = 3*h - 0*h. Suppose 0 = 5*y - 10*m - 135, -2*m - 296 = -3*y - 263. What is the greatest common divisor of h and y?
1
Let g = -369 + 350. Let t(l) = 7*l**2 + 25*l + 18. Let w be t(g). Calculate the highest common factor of 90 and w.
90
Suppose -3*a + w + 2 = -0*w, 4*a = 4*w + 16. Let o be 4/(-24) + (a - (-115)/6). Let t = o - -66. What is the greatest common divisor of t and 12?
12
Let t be (5 - 0)/(10/12). Let i = 22 + -16. Let h be 6/7*294/i. Calculate the greatest common factor of h and t.
6
Suppose 27*j - 1202 - 381 = 901. What is the highest common factor of 1334 and j?
46
Suppose -3*x + 5 = -2*d, -x - 2*d - 1 + 8 = 0. Let r = 29 - 24. Suppose -x*i = -r*i + 8. Calculate the greatest common divisor of 12 and i.
4
Let q(b) = b**3 - 18*b**2 - 68*b + 125. Let n be q(21). What is the greatest common factor of 25 and n?
5
Let p be ((-1 - 5)*1)/(138/(-897)). Calculate the greatest common divisor of 1560 and p.
39
Let w(d) = d. Let g be w(8). Let u be (-147)/(-4) + (-33)/44. Let k = 100 - u. What is the highest common divisor of g and k?
8
Let g be -5 + 35/6 + (-5687)/(-66). Calculate the greatest common factor of g and 24447.
87
Let l(i) = -14*i + 16. Suppose 12*m - 38 = -134. Let b be l(m). Calculate the highest common factor of b and 320.
64
Suppose -8*m + 10*m - 10 = 0. Let d be 40/m - 4 - -14. Suppose -3*f - 21 = 2*i - 4*i, 4*i = 3*f + 57. Calculate the greatest common factor of d and i.
18
Suppose -90*v - 3129 + 9920 = -11479. What is the highest common divisor of 957 and v?
29
Let h = 691 - 505. Calculate the greatest common factor of h and 48.
6
Suppose 6 = -4*c + c. Let s be 0*(-2 + 1 - c)*-1. Suppose s = 5*i - 40 - 90. Calculate the greatest common divisor of 13 and i.
13
Let d(p) = 96*p. Let o be d(3). Let f be -63*(2/6)/(-5 - 46/(-12)). What is the greatest common factor of o and f?
18
Let q(r) = -r - 1. Let g be q(-5). Calculate the highest common factor of g and 116.
4
Let h(v) = 2*v + 16. Let r be h(18). Suppose r = 10*m - 8. What is the highest common factor of 42 and m?
6
Let l(j) = 94*j**2 - j - 2. Let c be l(-2). Let d = 2280 - 2272. Calculate the highest common divisor of d and c.
8
Let i(p) = -p**3 + 25*p**2 - 52*p + 164. Let t be i(23). Calculate the greatest common factor of 1742 and t.
26
Let n be (2 + 192/(-18))*3*-1. Suppose -824 = -n*w + 18*w. Suppose 77 = 5*d - w. Calculate the highest common factor of 90 and d.
18
Let s(t) = 64*t**2 + 309*t + 261. Let c be s(-18). Calculate the greatest common divisor of c and 30.
15
Suppose -14*j - 3*j = -935. Suppose -47 = -6*p + j. What is the greatest common factor of 51 and p?
17
Let t(p) = p**3 + 39*p**2 + 37*p + 1277. Let s be t(-20). What is the greatest common factor of 79 and s?
79
Let l(h) = -2*h**3 + 91*h**2 + 61*h + 3822. Let i be l(47). Let f(p) = 28*p**2 - p - 1. Let a be f(3). What is the highest common divisor of a and i?
62
Suppose -4452 = 189*t - 24297. Calculate the greatest common factor of 385 and t.
35
Let b(l) = -5*l + 1. Let x be b(-1). Let z = 228529 + -228527. What is the greatest common factor of z and x?
2
Suppose 4*t + 2*d = 1516, 40*t + 5*d = 42*t - 746. What is the greatest common divisor of 672 and t?
42
Let a = 1082 - 718. Let w = 47 - 19. What is the greatest common factor of w and a?
28
Suppose 3*i = 5*t + 1821, 3*t - 1233 = 13*i - 15*i. What is the highest common factor of i and 20?
4
Suppose 258 = 2*u + 4*a, 45 = 2*a + 51. Let n be (2 - 6) + 7 - 5. Let i = 13 - n. Calculate the greatest common factor of u and i.
15
Suppose 8200 = 4*t + 3*w, -96*w = -98*w + 8. Calculate the greatest common factor of t and 356.
89
Suppose 62 = 21*g + 335. Let z be (g - -1)/(17/((-340)/3)). Let n(r) = 17*r**3 - r**2 + r - 1. Let f be n(1). Calculate the highest common factor of z and f.
16
Let p(g) = 81 + g - 25 + 15*g + 4*g**2. Let k be p(-7). What is the greatest common divisor of 35 and k?
35
Let l be 18/45 + 4/(-10). Suppose 17*i - 6*i - 297 = l. Calculate the highest common factor of 117 and i.
9
Suppose -33 = 3*g - 117. Suppose 3*q + 78 = 3*v + 6*q, -3*v + 74 = -q. Suppose -v = -5*f, 11*a - f = 6*a + 205. Calculate the highest common divisor of a and g.
14
Let r(j) = -11*j**2 + 573*j + 125. Let q be r(49). Calculate the highest common divisor of q and 27.
9
Let t be 63/(-28)*4 + 1567. What is the greatest common factor of t and 418?
38
Let h(n) = n**2 + n - 410. Let d be h(20). Suppose 0 = -u - j - 140, -3*u - j - 426 = 4*j. Let f = d - u. What is the greatest common divisor of f and 21?
21
Let l(i) be the third derivative of 7*i**4/24 + i**3/6 + 2*i**2 + 2. Let m be l(2). Calculate the highest common factor of m and 150.
15
Suppose 5*z + 11 = 4*z. Let j = z + 23. Let a be 224/j + 4/(-6). Calculate the greatest common divisor of a and 72.
18
Let a be 4/(-96)*-72 + 0 + 2*18968. Calculate the highest common factor of 11 and a.
11
Let q be 16/(-3 - 1) + 9. Let l be q*(-2)/(-15)*(15 - 6). Let r = l - -8. What is the highest common divisor of 7 and r?
7
Let s = 2274 + -2253. What is the greatest common factor of 225 and s?
3
Suppose 57*r = 6*r + 153. Calculate the greatest common factor of 1257 and r.
3
Let r(p) = -p**2 + 6*p + 2743. Let c be r(51). What is the greatest common factor of c and 4256?
224
Let f(g) = g**2 + 5*g + 18. Let z be f(-4). Suppose z*b + 3*i - 43 = 12*b, -i = 5*b - 127. What is the highest common divisor of b and 2?
2
Suppose -5*k - 5*j + 1619 = -21, -3*k = 5*j - 980. Let z(b) = -b + 5. Let h be z(-6). Calculate the highest common divisor of h and k.
11
Suppose -17*t = -137*t + 5660 + 1540. What is the highest common divisor of t and 1236?
12
Let p(t) = -41*t + 25. Let r be p(-5). Let y be 18/(-45)*r/(-4). What is the greatest common divisor of 207 and y?
23
Let i = -2 - -6. Suppose 0 = -i*m + 17 + 83. Let y = 497 + -322. Calculate the greatest common factor of y and m.
25
Let q be 3/(-6)*(-31 - (2 - 1)). Suppose -2 = 2*o + 2*a - q, -2*a = o - 3. Calculate the highest common divisor of o and 319.
11
Let z = -2268 + 2668. What is the greatest common divisor of 64 and z?
16
Let b(o) = -1424*o - 9952. Let v be b(-7). Calculate the highest common factor of 10880 and v.
16
Suppose -9 = 3*r, j + 10 - 372 = -5*r. What is the greatest common factor of j and 261?
29
Let n = 16 + -6. Let s be ((-2)/3)/(11/((-330)/4)). Suppose 0*v = 3*a - 4*v - 98, 0 